57 = 6*h - r*h. Suppose 0 = 7*k - 9*k + h. What is the tens digit of k?
9
Suppose 0 = -4*p + 16 - 4. Suppose -4*a = -8*k + p*k + 150, -5*k + 150 = 3*a. What is the tens digit of k?
3
Let u = 6348 + -3333. What is the thousands digit of u?
3
Suppose 0 = 12*b - 15*b - 9. Let s be (-60)/b - (2 + 2). What is the units digit of (78/8)/(s/64)?
9
Suppose 896052 = 3*g + 86*g. What is the thousands digit of g?
0
Let f = 21 - 21. Suppose -5*a + 0*a + 10 = f. Suppose -4*c + 45 = -5*w, 3 = -a*w + 9. What is the tens digit of c?
1
Let n(z) = -z**3 - 41*z**2 + 55*z + 162. What is the hundreds digit of n(-44)?
5
Let l = 95 + -156. Let s = l + 66. Suppose s*a = -5*j + 375, -3*j + 4*j - 75 = -5*a. What is the tens digit of j?
7
Suppose -45*t + 23870 + 63520 = 0. What is the thousands digit of t?
1
Suppose -3 = -4*j - 35. Let a = -8 - j. Suppose a = -3*p - 2*p + 315. What is the tens digit of p?
6
Suppose 2*a + 4*s = 38954, -77370 - 520 = -4*a + s. Suppose 5228 = -11*k + a. What is the tens digit of k?
9
Suppose -3*v = 95 + 115. Let d = 73 + v. Suppose 198 = 5*p + i, -i - 108 = -d*p + 2*i. What is the tens digit of p?
3
Let t(o) be the second derivative of -43*o**5/120 - 5*o**4/24 + 5*o**3/3 - 6*o. Let a(u) be the second derivative of t(u). What is the units digit of a(-2)?
1
Suppose 0 = -4*f - 3*m + 38805, 0 = -4*f + 4*m - 9*m + 38819. What is the units digit of f?
6
Let q(v) = 34*v**2 + 45*v - 137. What is the units digit of q(18)?
9
Let q(s) = 101*s - 1. Let g(k) = 100*k + 1. Let p = 8 - 6. Let m(x) = p*q(x) - 3*g(x). What is the units digit of m(-1)?
3
Let y(a) = a**2 - 12*a - 10. Let q be y(13). Let w be ((-2)/(-3))/((-1)/249) + q. Let c = 265 + w. What is the hundreds digit of c?
1
Let s(j) = j**3 - 273. Let t be s(0). Suppose -2489 = -5*k + 3*n, -8*k - 2468 = -13*k - 4*n. Let u = k + t. What is the units digit of u?
3
Let u be -1*2/(-1) - -1. What is the thousands digit of -8 + (u - -1023) - 6?
1
Let g = 3114 + 16349. What is the thousands digit of g?
9
Suppose 4*i - 66 - 42 = 2*n, 0 = 4*i - n - 112. Suppose -i*y = -19*y - 10060. What is the hundreds digit of y?
0
Let d = 29814 - 1663. What is the tens digit of d?
5
Suppose -7*a = 247 + 3652. Let y = 466 - a. What is the hundreds digit of y?
0
Let x = -164 + 171. Suppose -2*w + 3*a = x*a - 390, -587 = -3*w - 5*a. What is the units digit of w?
9
Suppose 0 = 16*v - 1510 - 954. Let s = v + 275. What is the tens digit of s?
2
Suppose -11*y = 23*y + 26350. Let n = -249 - y. What is the units digit of n?
6
Suppose -32*v + 19*v = -18*v + 33685. What is the hundreds digit of v?
7
Suppose -2*d + 5*f + 1737 = 0, 29*f = 26*f - 3. What is the tens digit of d?
6
Suppose 9*y - y - 16 = 0. Suppose 3*a = 7*a + 20, -2 = -3*c - y*a. Suppose -c*s + 256 = 4*w, s + w = 6*w + 82. What is the units digit of s?
7
Suppose 2*z - 3*z + 366 = p, -3*p = 5*z - 1832. What is the hundreds digit of z?
3
Let k(q) = q**2 + 2*q + 1. Let j be k(3). Let o = 863 - 840. Suppose -o*d + 1022 = -j*d. What is the tens digit of d?
4
Let k = 4477 + -3800. What is the units digit of k?
7
Let q(b) = 8*b + 35. Let c be q(-10). Let s = -42 - c. Suppose -2*p + 3*g + 391 = 6*g, 0 = -g - s. What is the hundreds digit of p?
2
Let f = 71213 - 48035. What is the units digit of f?
8
What is the hundreds digit of (-11 - 0) + -1 + 4 - (-110 - 5577)?
6
Suppose -5*c + 25 = 4*w, 0 = -2*w - 3*w - 25. Suppose n + 1600 = c*n. What is the units digit of n?
0
Suppose -2*w = -6*w - 3*b + 1447, 5*w - 1817 = -b. Suppose 6*z = 5*z - 256. Let i = w + z. What is the hundreds digit of i?
1
Suppose 379642 = -106*z + 1892368. What is the thousands digit of z?
4
Suppose 6*b - 54*y + 53*y = 50407, 3*y + 42008 = 5*b. What is the thousands digit of b?
8
Let k(z) = 23*z**2 - 5*z - 77. Let n be k(-6). Let o = n + 183. What is the units digit of o?
4
Let r be 4/8*(2 - -2). Suppose 4*l - 3788 = 2*v, 2*l - 3*l + r*v = -941. What is the hundreds digit of l?
9
Let p be -1 - -1 - (-11)/(33/(-6)). What is the tens digit of ((-8)/10)/((-2043)/1020 - p)?
7
Let o = 9711 - 2526. Suppose 11112 + o = 9*d. What is the thousands digit of d?
2
Suppose -105*u - 27 = -114*u. Suppose 10*q - 1193 + u = 0. What is the units digit of q?
9
Let f(j) = 2*j**3 + 11*j**2 + 13*j - 4. Let s be f(-3). Let b = -1 + 3. Suppose m - 132 = -s*i, -i - 224 = -b*m + 3*i. What is the hundreds digit of m?
1
Suppose 158*o = 209*o - 1983951. What is the units digit of o?
1
Suppose -122*c - 30016 = -142*c + 75064. What is the units digit of c?
4
Let l = 9210 + -2289. What is the tens digit of l?
2
Let h(j) = -6*j + 20*j + 2*j - 7. Suppose -b + 6 = 7, 4*w - 7 = -b. What is the tens digit of h(w)?
2
Suppose -12*k + 8048 = -27952. Suppose -k = 10*j - 640. Let m = -85 - j. What is the tens digit of m?
5
Let a(v) = -2887*v**3 + 3*v**2 - v - 17. What is the hundreds digit of a(-2)?
0
Suppose 0 = -162*c + 187*c - 200284 - 65016. What is the ten thousands digit of c?
1
What is the hundreds digit of 8/(-36)*-34311 + 2 + (-2)/3?
6
Suppose -3*b = -5*y + 5347, -1033 = -2*y - 5*b + 1112. Suppose 0 = 5*u + 2*c - 2699, u - 4*c = -u + y. What is the hundreds digit of u?
5
Let p(a) = -744*a + 9083. What is the thousands digit of p(-4)?
2
Let k(z) = -426*z + 26. Let v be k(-2). Suppose 14*g = 12*g + v. What is the hundreds digit of g?
4
Let q be 2*2*21/(-14). Let t(z) = -3*z**3 - 4*z**2 - 19*z + 9. What is the units digit of t(q)?
7
Suppose -4*k + 218128 = 16*m, 0 = -4*m + 4*k - 12698 + 67190. What is the tens digit of m?
3
Suppose 1029*v = 1030*v - 205. Let a be (-6)/(-3) - (1 - 36). Suppose 0 = 4*t + a - v. What is the units digit of t?
2
What is the thousands digit of (6/(-4))/((-141)/752) - -2813?
2
Suppose 5*p + 30 = 0, 2*h = 674*p - 676*p + 69732. What is the hundreds digit of h?
8
Suppose 0 = 2*a + 3*l - 31377, 3*a + 4*l - 62764 = -a. Suppose 20*f = 29*f - a. What is the thousands digit of f?
1
Suppose 7*v - 244777 = -12*v. What is the hundreds digit of v?
8
Suppose 3*j + 16 = -2*x + 7*j, 29 = -5*x - j. Let d be (4/x)/(5 + 80/(-15)). Suppose 2*f = -o + 6*o - 761, -145 = -o - d*f. What is the tens digit of o?
5
Suppose -z = b + 2, 0 = 4*z + b - 2 - 5. Suppose -s - 808 = -t, -7*s = -2*t - z*s + 1624. What is the hundreds digit of t?
8
Suppose 8*j - 5*j + 52 = 2*k, -96 = 4*j + 4*k. Let b = j - -23. Suppose 2*m + 3*p = 123, 0*m + 4*p = b*m - 227. What is the units digit of m?
9
Suppose 0 = -2*u + f - 11, 0 = 3*u + 5*f + 23 - 0. What is the hundreds digit of u/1*55*6/(-9)?
2
Suppose 3*n - 65841 = 3*b, 89312 = 4*n + b + 1559. What is the tens digit of n?
4
Let p(t) = 82*t**2 - 30*t - 34. What is the hundreds digit of p(-12)?
1
Let y be 2/(-8) + -5 + (-3)/(-12). Let x be 4 - (1 - (-3 - (y - -3))). Suppose -1055 = -5*a + 3*i + x*i, 5*a - 1055 = i. What is the hundreds digit of a?
2
Let i(f) = 75*f**2 + 6*f + 1. Let l(o) = o - 1. Let b(k) = i(k) - 2*l(k). Let y be b(-2). Let c = y - 64. What is the units digit of c?
1
Let f(o) = 4*o + 34. Let x be f(10). What is the tens digit of x*(-2 + -3)/(-5)?
7
Let f(r) = 23*r**2 - 11*r - 35. Let z(a) = -12*a**2 + 5*a + 17. Let k(q) = 4*f(q) + 7*z(q). Let m be k(-6). What is the hundreds digit of (-3)/12*-2 + m/2?
1
What is the tens digit of 609 + (3*-1)/((-11)/(-33)) + 6?
0
Let b = 481 + -343. Let m = -69 + b. Let d = m + 96. What is the tens digit of d?
6
Let n = -3190 + 23821. What is the ten thousands digit of n?
2
Let k(o) = o**3 - 116*o**2 - 541*o + 26. What is the hundreds digit of k(123)?
3
Suppose -5*v + 8*v = -60. Let x = v + 143. Let q = -72 + x. What is the tens digit of q?
5
Let o(q) = q**3 + 11*q**2 + 11*q + 37. Let s be o(-13). Let i = s - -507. What is the tens digit of i?
6
Let m be (-28 + -3)/((-1)/(-5)). Let x = 9905 + -9672. Let b = x + m. What is the tens digit of b?
7
Suppose 4*b - 5*g - 9572 = 0, 9560 = 8*b - 4*b - 2*g. Let h = -1675 + b. What is the hundreds digit of h?
7
Let c(r) = r**3 + 21*r**2 - 30*r - 41. Let j be c(-22). Suppose -2512 = -j*p + 127*p. What is the hundreds digit of p?
3
Let s = -7215 - -42446. What is the ten thousands digit of s?
3
Let l = 61 - 56. Suppose -l*v - 4*n + 2223 + 22 = 0, n = -5. Suppose 4*i = -f + v, 346 = 3*i + 2*f - 0*f. What is the hundreds digit of i?
1
Suppose -5*l = -2*x - 241848, -5*l + 180693 = x - 61128. What is the tens digit of l?
6
L